{"id":23,"date":"2020-02-02T23:31:13","date_gmt":"2020-02-02T23:31:13","guid":{"rendered":"https:\/\/xlibrium.cl\/publico\/?page_id=23"},"modified":"2022-02-16T13:46:25","modified_gmt":"2022-02-16T13:46:25","slug":"gestion-municipal","status":"publish","type":"page","link":"https:\/\/xlibrium.cl\/publico\/gestion-municipal\/","title":{"rendered":"Gesti\u00f3n Municipal"},"content":{"rendered":"<p>[vc_row full_width=\u00bbstretch_row\u00bb css=\u00bb.vc_custom_1588640470338{background-image: url(https:\/\/xlibrium.cl\/publico\/wp-content\/uploads\/2020\/05\/gestion_municipal-2020.jpg?id=457) !important;background-position: center !important;background-repeat: no-repeat !important;background-size: cover !important;}\u00bb][vc_column][vc_empty_space][vc_column_text]<\/p>\n<h2 style=\"text-align: center;\"><span style=\"color: #ffffff;\">Gesti\u00f3n Municipal y contenido para Gobierno<\/span><\/h2>\n<p><img loading=\"lazy\" class=\"aligncenter size-full wp-image-54\" src=\"https:\/\/xlibrium.cl\/publico\/wp-content\/uploads\/2020\/02\/linea.png\" alt=\"\" width=\"120\" height=\"7\" \/>[\/vc_column_text][vc_column_text]<\/p>\n<p style=\"text-align: center;\"><span style=\"color: #ffffff;\">Como consultora y con nuestros asociados expertos, ponemos al servicio los conocimientos y experiencias en el \u00e1mbito privado y social a las distintas instituciones Gubernamentales, donde podemos aportar en diferentes \u00e1reas como por ejemplo: la funci\u00f3n presupuestaria: organizada en tres grandes ac\u00e1pites: a) optimizaci\u00f3n de los ingresos municipales, b) disminuci\u00f3n de gastos y c) definici\u00f3n de procedimientos, gesti\u00f3n y control presupuestario. En el \u00e1rea RRHH con asesor\u00edas, capacitaciones y selecci\u00f3n de personal.<\/span><\/p>\n<p>[\/vc_column_text][vc_empty_space][\/vc_column][\/vc_row][vc_row][vc_column][vc_tta_tabs style=\u00bbmodern\u00bb shape=\u00bbsquare\u00bb active_section=\u00bb1&#8243;][vc_tta_section title=\u00bbIngresos Municipales\u00bb tab_id=\u00bb1587389350165-8c5ed349-7e78&#8243;][vc_column_text]Ayudamos a identificar los ingresos Municipales (Patentes, permisos, proyectos) para rentabilizarlos y poner los controles y asesores contralores que incluso est\u00e1n dentro de la misma Municipalidad.[\/vc_column_text][\/vc_tta_section][vc_tta_section title=\u00bbGastos Municipales\u00bb tab_id=\u00bb1587389350178-8dfa6b6b-35cb\u00bb][vc_column_text]Al conocer de la din\u00e1mica de las Municipalidades y ser expertos en presupuestos, podemos acompa\u00f1ar y guiar para corregir, modificar y proponer cambios a los gastos y hacer que la Municipalidad se m\u00e1s eficiente.[\/vc_column_text][\/vc_tta_section][vc_tta_section title=\u00bbPladeco Paihuano\u00bb tab_id=\u00bb1636479753973-b4237188-20c3&#8243;][vc_single_image image=\u00bb766&#8243; img_size=\u00bbmedium\u00bb alignment=\u00bbcenter\u00bb][\/vc_tta_section][\/vc_tta_tabs][\/vc_column][\/vc_row][vc_row][vc_column][vc_empty_space][\/vc_column][\/vc_row]<\/p>\n","protected":false},"excerpt":{"rendered":"<p>[vc_row full_width=\u00bbstretch_row\u00bb css=\u00bb.vc_custom_1588640470338{background-image: url(https:\/\/xlibrium.cl\/publico\/wp-content\/uploads\/2020\/05\/gestion_municipal-2020.jpg?id=457) !important;background-position: center !important;background-repeat: no-repeat !important;background-size: cover !important;}\u00bb][vc_column][vc_empty_space][vc_column_text] Gesti\u00f3n Municipal y contenido para Gobierno [\/vc_column_text][vc_column_text] Como consultora y con nuestros asociados expertos, ponemos al servicio los conocimientos y experiencias en el \u00e1mbito privado y social a las distintas instituciones Gubernamentales, donde podemos aportar en diferentes \u00e1reas como por ejemplo: la funci\u00f3n presupuestaria: &hellip;<\/p>\n<p class=\"read-more\"> <a class=\"\" href=\"https:\/\/xlibrium.cl\/publico\/gestion-municipal\/\"> <span class=\"screen-reader-text\">Gesti\u00f3n Municipal<\/span> Leer m\u00e1s &raquo;<\/a><\/p>\n","protected":false},"author":1,"featured_media":0,"parent":0,"menu_order":0,"comment_status":"closed","ping_status":"closed","template":"","meta":[],"yoast_head":"<!-- This site is optimized with the Yoast SEO plugin v14.2 - https:\/\/yoast.com\/wordpress\/plugins\/seo\/ -->\n<title>Gesti\u00f3n Municipal - Xlibrium Gesti\u00f3n Municipal<\/title>\n<meta name=\"robots\" content=\"index, follow\" \/>\n<meta name=\"googlebot\" content=\"index, follow, max-snippet:-1, max-image-preview:large, max-video-preview:-1\" \/>\n<meta name=\"bingbot\" content=\"index, follow, max-snippet:-1, max-image-preview:large, max-video-preview:-1\" \/>\n<link rel=\"canonical\" href=\"https:\/\/xlibrium.cl\/publico\/gestion-municipal\/\" \/>\n<meta property=\"og:locale\" content=\"es_ES\" \/>\n<meta property=\"og:type\" content=\"article\" \/>\n<meta property=\"og:title\" content=\"Gesti\u00f3n Municipal - Xlibrium Gesti\u00f3n Municipal\" \/>\n<meta property=\"og:description\" content=\"[vc_row full_width=\u00bbstretch_row\u00bb css=\u00bb.vc_custom_1588640470338{background-image: url(https:\/\/xlibrium.cl\/publico\/wp-content\/uploads\/2020\/05\/gestion_municipal-2020.jpg?id=457) !important;background-position: center !important;background-repeat: no-repeat !important;background-size: cover !important;}\u00bb][vc_column][vc_empty_space][vc_column_text] Gesti\u00f3n Municipal y contenido para Gobierno [\/vc_column_text][vc_column_text] Como consultora y con nuestros asociados expertos, ponemos al servicio los conocimientos y experiencias en el \u00e1mbito privado y social a las distintas instituciones Gubernamentales, donde podemos aportar en diferentes \u00e1reas como por ejemplo: la funci\u00f3n presupuestaria: &hellip; Gesti\u00f3n Municipal Leer m\u00e1s &raquo;\" \/>\n<meta property=\"og:url\" content=\"https:\/\/xlibrium.cl\/publico\/gestion-municipal\/\" \/>\n<meta property=\"og:site_name\" content=\"Xlibrium Gesti\u00f3n Municipal\" \/>\n<meta property=\"article:modified_time\" content=\"2022-02-16T13:46:25+00:00\" \/>\n<meta property=\"og:image\" content=\"https:\/\/xlibrium.cl\/publico\/wp-content\/uploads\/2020\/02\/linea.png\" \/>\n<meta name=\"twitter:card\" content=\"summary_large_image\" \/>\n<script type=\"application\/ld+json\" class=\"yoast-schema-graph\">{\"@context\":\"https:\/\/schema.org\",\"@graph\":[{\"@type\":\"WebSite\",\"@id\":\"https:\/\/xlibrium.cl\/publico\/#website\",\"url\":\"https:\/\/xlibrium.cl\/publico\/\",\"name\":\"Xlibrium Gesti\\u00f3n Municipal\",\"description\":\"Consulting\",\"potentialAction\":[{\"@type\":\"SearchAction\",\"target\":\"https:\/\/xlibrium.cl\/publico\/?s={search_term_string}\",\"query-input\":\"required name=search_term_string\"}],\"inLanguage\":\"es\"},{\"@type\":\"ImageObject\",\"@id\":\"https:\/\/xlibrium.cl\/publico\/gestion-municipal\/#primaryimage\",\"inLanguage\":\"es\",\"url\":\"https:\/\/xlibrium.cl\/publico\/wp-content\/uploads\/2020\/02\/linea.png\",\"width\":120,\"height\":7},{\"@type\":\"WebPage\",\"@id\":\"https:\/\/xlibrium.cl\/publico\/gestion-municipal\/#webpage\",\"url\":\"https:\/\/xlibrium.cl\/publico\/gestion-municipal\/\",\"name\":\"Gesti\\u00f3n Municipal - Xlibrium Gesti\\u00f3n Municipal\",\"isPartOf\":{\"@id\":\"https:\/\/xlibrium.cl\/publico\/#website\"},\"primaryImageOfPage\":{\"@id\":\"https:\/\/xlibrium.cl\/publico\/gestion-municipal\/#primaryimage\"},\"datePublished\":\"2020-02-02T23:31:13+00:00\",\"dateModified\":\"2022-02-16T13:46:25+00:00\",\"inLanguage\":\"es\",\"potentialAction\":[{\"@type\":\"ReadAction\",\"target\":[\"https:\/\/xlibrium.cl\/publico\/gestion-municipal\/\"]}]}]}<\/script>\n<!-- \/ Yoast SEO plugin. -->","_links":{"self":[{"href":"https:\/\/xlibrium.cl\/publico\/wp-json\/wp\/v2\/pages\/23"}],"collection":[{"href":"https:\/\/xlibrium.cl\/publico\/wp-json\/wp\/v2\/pages"}],"about":[{"href":"https:\/\/xlibrium.cl\/publico\/wp-json\/wp\/v2\/types\/page"}],"author":[{"embeddable":true,"href":"https:\/\/xlibrium.cl\/publico\/wp-json\/wp\/v2\/users\/1"}],"replies":[{"embeddable":true,"href":"https:\/\/xlibrium.cl\/publico\/wp-json\/wp\/v2\/comments?post=23"}],"version-history":[{"count":3,"href":"https:\/\/xlibrium.cl\/publico\/wp-json\/wp\/v2\/pages\/23\/revisions"}],"predecessor-version":[{"id":767,"href":"https:\/\/xlibrium.cl\/publico\/wp-json\/wp\/v2\/pages\/23\/revisions\/767"}],"wp:attachment":[{"href":"https:\/\/xlibrium.cl\/publico\/wp-json\/wp\/v2\/media?parent=23"}],"curies":[{"name":"wp","href":"https:\/\/api.w.org\/{rel}","templated":true}]}}