{"id":7005,"date":"2017-09-13T19:10:13","date_gmt":"2017-09-13T19:10:13","guid":{"rendered":"http:\/\/xlibrium.webfactional.com\/?page_id=7005"},"modified":"2020-04-27T16:12:07","modified_gmt":"2020-04-27T16:12:07","slug":"matriz-de-riesgo","status":"publish","type":"page","link":"https:\/\/xlibrium.cl\/privado\/matriz-de-riesgo\/","title":{"rendered":"Matriz de Riesgo"},"content":{"rendered":"[vc_row type=\u00bbfull_width_background\u00bb full_screen_row_position=\u00bbmiddle\u00bb bg_image=\u00bb7237&#8243; bg_position=\u00bbleft top\u00bb bg_repeat=\u00bbno-repeat\u00bb parallax_bg=\u00bbtrue\u00bb parallax_bg_speed=\u00bbfixed\u00bb scene_position=\u00bbcenter\u00bb text_color=\u00bblight\u00bb text_align=\u00bbleft\u00bb top_padding=\u00bb40&#8243; bottom_padding=\u00bb70&#8243; overlay_strength=\u00bb0.3&#8243;][vc_column column_padding=\u00bbno-extra-padding\u00bb column_padding_position=\u00bball\u00bb background_color_opacity=\u00bb1&#8243; background_hover_color_opacity=\u00bb1&#8243; column_shadow=\u00bbnone\u00bb width=\u00bb1\/1&#8243; tablet_text_alignment=\u00bbdefault\u00bb phone_text_alignment=\u00bbdefault\u00bb column_border_width=\u00bbnone\u00bb column_border_style=\u00bbsolid\u00bb][vc_row_inner column_margin=\u00bbdefault\u00bb text_align=\u00bbleft\u00bb][vc_column_inner column_padding=\u00bbno-extra-padding\u00bb column_padding_position=\u00bball\u00bb centered_text=\u00bbtrue\u00bb background_color_opacity=\u00bb1&#8243; width=\u00bb11\/12&#8243; column_border_width=\u00bbnone\u00bb column_border_style=\u00bbsolid\u00bb][vc_column_text css=\u00bb.vc_custom_1505330114386{padding-bottom: 20px !important;}\u00bb]\nMatriz de Riesgo<\/p>\n[\/vc_column_text][\/vc_column_inner][\/vc_row_inner][vc_row_inner column_margin=\u00bbdefault\u00bb bottom_padding=\u00bb40&#8243; text_align=\u00bbleft\u00bb][vc_column_inner column_padding=\u00bbpadding-5-percent\u00bb column_padding_position=\u00bball\u00bb background_color=\u00bb#ffffff\u00bb background_color_opacity=\u00bb0.8&#8243; font_color=\u00bb#0067ab\u00bb width=\u00bb2\/3&#8243; column_border_width=\u00bbnone\u00bb column_border_style=\u00bbsolid\u00bb][vc_column_text css=\u00bb.vc_custom_1505330674332{padding-bottom: 40px !important;}\u00bb]\nCORPORATIVE RISKS CONTROL (CRC)<\/p>\n[\/vc_column_text][vc_column_text]Orientados a proveer una soluci\u00f3n que permita establecer un Plan General de Riesgos, basados en:<\/p>\n<p>Identificaci\u00f3n de Riesgos.<br \/>\nAn\u00e1lisis Cualitativos de Riesgos.<br \/>\nAn\u00e1lisis Cuantitativo de Riesgos.<br \/>\nPlan de Respuesta a Riesgos.<br \/>\nControl de Riesgos<\/p>\n[\/vc_column_text]<div class=\"divider-wrap\"><div style=\"height: 30px;\" class=\"divider\"><\/div><\/div><div class=\"divider-wrap\"><div style=\"margin-top: 2px; width: 20%px; height: 1px; margin-bottom: 2px;\" data-width=\"20%\" data-animate=\"yes\" data-animation-delay=\"\" data-color=\"default\" class=\"divider-small-border\"><\/div><\/div><div class=\"divider-wrap\"><div style=\"height: 30px;\" class=\"divider\"><\/div><\/div>[vc_column_text css=\u00bb.vc_custom_1506001556555{padding-bottom: 10px !important;}\u00bb]El foco de nuestra soluci\u00f3n se centra en la oportuna identificaci\u00f3n de riesgos y su adecuada gesti\u00f3n, que permita definir las amenazas presentes y futuras y las acciones a implementar para garantizar resultados alineados con los objetivos estrat\u00e9gicos de la organizaci\u00f3n. En este sentido, la gesti\u00f3n integral, basada en un adecuado diagn\u00f3stico de riesgos, se transforma en pieza fundamental de la estrategia y se constituye en un factor clave de \u00e9xito en la creaci\u00f3n de valor y adquisici\u00f3n de ventaja competitiva.[\/vc_column_text]<div class=\"divider-wrap\"><div style=\"margin-top: 2px; width: 20%px; height: 1px; margin-bottom: 2px;\" data-width=\"20%\" data-animate=\"yes\" data-animation-delay=\"\" data-color=\"default\" class=\"divider-small-border\"><\/div><\/div><div class=\"divider-wrap\"><div style=\"height: 30px;\" class=\"divider\"><\/div><\/div>[vc_column_text css=\u00bb.vc_custom_1506001580102{padding-bottom: 10px !important;}\u00bb]CORPORATIVE RISKS CONTROL (CRC) es una herramienta flexible para documentar procesos, facilitando la evaluaci\u00f3n integral de los riesgos de una instituci\u00f3n y su nivel de exposici\u00f3n, permitiendo a los niveles directivos y ejecutivos, contar con un diagn\u00f3stico objetivo de la situaci\u00f3n global de los riesgos potenciales a los que se expone la organizaci\u00f3n y la identificaci\u00f3n de posibles acciones correctivas para evitar amenazas que afecten el cumplimiento de los objetivos estrat\u00e9gicos.[\/vc_column_text]<div class=\"divider-wrap\"><div style=\"margin-top: 2px; width: 20%px; height: 1px; margin-bottom: 2px;\" data-width=\"20%\" data-animate=\"yes\" data-animation-delay=\"\" data-color=\"default\" class=\"divider-small-border\"><\/div><\/div><div class=\"divider-wrap\"><div style=\"height: 30px;\" class=\"divider\"><\/div><\/div>[vc_column_text css=\u00bb.vc_custom_1506001604846{padding-bottom: 10px !important;}\u00bb]La implementaci\u00f3n de la herramienta CRC, demanda la participaci\u00f3n activa de las unidades de la organizaci\u00f3n, y un completo conocimiento de la estrategia institucional y del real estado que presenta su implementaci\u00f3n. Las caracter\u00edsticas del CRC, el proceso inherente a sus funcionalidades sumado a la participaci\u00f3n de un experimentado equipo de profesionales que han obtenido resultados positivos en el dise\u00f1o e implementaci\u00f3n de Matrices de Riesgo, en un importante n\u00famero de instituciones y empresas del sector p\u00fablico y privado, garantizan un resultado exitoso. Nuestra empresa Consultora Xlibrium pone a disposici\u00f3n todos estos recursos para las empresas e instituciones preocupadas de la Gesti\u00f3n de sus Riesgos.[\/vc_column_text][\/vc_column_inner][vc_column_inner column_padding=\u00bbpadding-2-percent\u00bb column_padding_position=\u00bball\u00bb centered_text=\u00bbtrue\u00bb background_color=\u00bb#0067ab\u00bb background_color_opacity=\u00bb0.7&#8243; font_color=\u00bb#ffffff\u00bb width=\u00bb1\/3&#8243; column_border_width=\u00bbnone\u00bb column_border_style=\u00bbsolid\u00bb]<div class=\"img-with-aniamtion-wrap center\" data-max-width=\"100%\"><div class=\"inner\"><img data-shadow=\"none\" data-shadow-direction=\"middle\" class=\"img-with-animation \" data-delay=\"0\" height=\"106\" width=\"230\" data-animation=\"fade-in\" src=\"https:\/\/xlibrium.cl\/privado\/wp-content\/uploads\/2017\/09\/ico-tema1.png\"  alt=\"\" \/><\/div><\/div>[vc_column_text css=\u00bb.vc_custom_1505913638139{padding-bottom: 30px !important;}\u00bb]PODEROSA HERRAMIENTA DE CONTROL E IDENTIFICACI\u00d3N INTEGRAL DE RIESGOS PARA LA TOMA DE DECISIONES OPORTUNAS A NIVEL DIRECTIVO.[\/vc_column_text]<div class=\"img-with-aniamtion-wrap center\" data-max-width=\"100%\"><div class=\"inner\"><img data-shadow=\"none\" data-shadow-direction=\"middle\" class=\"img-with-animation \" data-delay=\"0\" height=\"106\" width=\"230\" data-animation=\"fade-in\" src=\"https:\/\/xlibrium.cl\/privado\/wp-content\/uploads\/2017\/09\/ico-tema2.png\"  alt=\"\" \/><\/div><\/div>[vc_column_text css=\u00bb.vc_custom_1505913646173{padding-bottom: 30px !important;}\u00bb]FACILITA EL TRABAJO COLABORATIVO Y EN EQUIPO.[\/vc_column_text]<div class=\"img-with-aniamtion-wrap center\" data-max-width=\"100%\"><div class=\"inner\"><img data-shadow=\"none\" data-shadow-direction=\"middle\" class=\"img-with-animation \" data-delay=\"0\" height=\"106\" width=\"230\" data-animation=\"fade-in\" src=\"https:\/\/xlibrium.cl\/privado\/wp-content\/uploads\/2017\/09\/ico-tema3.png\"  alt=\"\" \/><\/div><\/div>[vc_column_text css=\u00bb.vc_custom_1505913712115{padding-bottom: 30px !important;}\u00bb]APLICABILIDAD EN GESTI\u00d3N DE RIESGO DE OPERACI\u00d3N, PROCESOS, FINANCIERO, TI, RRHH, ETC.[\/vc_column_text]<div class=\"img-with-aniamtion-wrap center\" data-max-width=\"100%\"><div class=\"inner\"><img data-shadow=\"none\" data-shadow-direction=\"middle\" class=\"img-with-animation \" data-delay=\"0\" height=\"106\" width=\"230\" data-animation=\"fade-in\" src=\"https:\/\/xlibrium.cl\/privado\/wp-content\/uploads\/2017\/09\/ico-tema4.png\"  alt=\"\" \/><\/div><\/div>[vc_column_text css=\u00bb.vc_custom_1505913756247{padding-bottom: 30px !important;}\u00bb]PLATAFORMA ONLINE, INTERACTIVA, ROBUSTA, INTUITIVA, AMIGABLE, FLEXIBLE,SEGURA, ALTA DISPONIBILIDAD, FACIL DE UTILIZAR.[\/vc_column_text]<div class=\"img-with-aniamtion-wrap center\" data-max-width=\"100%\"><div class=\"inner\"><img data-shadow=\"none\" data-shadow-direction=\"middle\" class=\"img-with-animation \" data-delay=\"0\" height=\"106\" width=\"230\" data-animation=\"fade-in\" src=\"https:\/\/xlibrium.cl\/privado\/wp-content\/uploads\/2017\/09\/ico-tema5.png\"  alt=\"\" \/><\/div><\/div>[vc_column_text css=\u00bb.vc_custom_1505913802119{padding-bottom: 30px !important;}\u00bb]EQUIPO EXPERTO DE PROFESIONALES EN GESTI\u00d3N APOYAN LA IMPLEMENTACI\u00d3N Y LEVANTAMIENTO, SOLUCI\u00d3N Y APOYO PERMANENTE.[\/vc_column_text][\/vc_column_inner][\/vc_row_inner][\/vc_column][\/vc_row][vc_row type=\u00bbfull_width_background\u00bb full_screen_row_position=\u00bbmiddle\u00bb bg_color=\u00bb#0067ae\u00bb scene_position=\u00bbcenter\u00bb text_color=\u00bbdark\u00bb text_align=\u00bbleft\u00bb overlay_strength=\u00bb0.3&#8243;][vc_column column_padding=\u00bbno-extra-padding\u00bb column_padding_position=\u00bball\u00bb background_color_opacity=\u00bb1&#8243; background_hover_color_opacity=\u00bb1&#8243; column_shadow=\u00bbnone\u00bb width=\u00bb1\/1&#8243; tablet_text_alignment=\u00bbdefault\u00bb phone_text_alignment=\u00bbdefault\u00bb column_border_width=\u00bbnone\u00bb column_border_style=\u00bbsolid\u00bb]<div class=\"img-with-aniamtion-wrap \" data-max-width=\"100%\"><div class=\"inner\"><a href=\"https:\/\/xlibrium.cl\/privado\/contacto\/\" target=\"_self\" class=\"\"><img data-shadow=\"none\" data-shadow-direction=\"middle\" class=\"img-with-animation \" data-delay=\"0\" height=\"642\" width=\"1608\" data-animation=\"fade-in\" src=\"https:\/\/xlibrium.cl\/privado\/wp-content\/uploads\/2017\/09\/Xlibrium-Matriz-de-Riesgo-banner.jpg\" srcset=\"https:\/\/xlibrium.cl\/privado\/wp-content\/uploads\/2017\/09\/Xlibrium-Matriz-de-Riesgo-banner.jpg 1608w, https:\/\/xlibrium.cl\/privado\/wp-content\/uploads\/2017\/09\/Xlibrium-Matriz-de-Riesgo-banner-300x120.jpg 300w, https:\/\/xlibrium.cl\/privado\/wp-content\/uploads\/2017\/09\/Xlibrium-Matriz-de-Riesgo-banner-768x307.jpg 768w, https:\/\/xlibrium.cl\/privado\/wp-content\/uploads\/2017\/09\/Xlibrium-Matriz-de-Riesgo-banner-1024x409.jpg 1024w\" sizes=\"100vw\" alt=\"\" \/><\/a><\/div><\/div>[\/vc_column][\/vc_row]\n","protected":false},"excerpt":{"rendered":"<p>[vc_row type=\u00bbfull_width_background\u00bb full_screen_row_position=\u00bbmiddle\u00bb bg_image=\u00bb7237&#8243; bg_position=\u00bbleft top\u00bb bg_repeat=\u00bbno-repeat\u00bb parallax_bg=\u00bbtrue\u00bb parallax_bg_speed=\u00bbfixed\u00bb scene_position=\u00bbcenter\u00bb text_color=\u00bblight\u00bb text_align=\u00bbleft\u00bb top_padding=\u00bb40&#8243; bottom_padding=\u00bb70&#8243; overlay_strength=\u00bb0.3&#8243;][vc_column column_padding=\u00bbno-extra-padding\u00bb column_padding_position=\u00bball\u00bb background_color_opacity=\u00bb1&#8243; background_hover_color_opacity=\u00bb1&#8243; column_shadow=\u00bbnone\u00bb width=\u00bb1\/1&#8243; tablet_text_alignment=\u00bbdefault\u00bb phone_text_alignment=\u00bbdefault\u00bb column_border_width=\u00bbnone\u00bb column_border_style=\u00bbsolid\u00bb][vc_row_inner column_margin=\u00bbdefault\u00bb text_align=\u00bbleft\u00bb][vc_column_inner column_padding=\u00bbno-extra-padding\u00bb column_padding_position=\u00bball\u00bb centered_text=\u00bbtrue\u00bb&#8230;<\/p>\n","protected":false},"author":1,"featured_media":0,"parent":0,"menu_order":8,"comment_status":"closed","ping_status":"closed","template":"","meta":[],"_links":{"self":[{"href":"https:\/\/xlibrium.cl\/privado\/wp-json\/wp\/v2\/pages\/7005"}],"collection":[{"href":"https:\/\/xlibrium.cl\/privado\/wp-json\/wp\/v2\/pages"}],"about":[{"href":"https:\/\/xlibrium.cl\/privado\/wp-json\/wp\/v2\/types\/page"}],"author":[{"embeddable":true,"href":"https:\/\/xlibrium.cl\/privado\/wp-json\/wp\/v2\/users\/1"}],"replies":[{"embeddable":true,"href":"https:\/\/xlibrium.cl\/privado\/wp-json\/wp\/v2\/comments?post=7005"}],"version-history":[{"count":5,"href":"https:\/\/xlibrium.cl\/privado\/wp-json\/wp\/v2\/pages\/7005\/revisions"}],"predecessor-version":[{"id":7457,"href":"https:\/\/xlibrium.cl\/privado\/wp-json\/wp\/v2\/pages\/7005\/revisions\/7457"}],"wp:attachment":[{"href":"https:\/\/xlibrium.cl\/privado\/wp-json\/wp\/v2\/media?parent=7005"}],"curies":[{"name":"wp","href":"https:\/\/api.w.org\/{rel}","templated":true}]}}